{"id":2309,"date":"2024-04-05T16:02:32","date_gmt":"2024-04-05T14:02:32","guid":{"rendered":"https:\/\/oikos-church.ch\/?post_type=oic_infoblatt&#038;p=2309"},"modified":"2024-04-05T16:02:32","modified_gmt":"2024-04-05T14:02:32","slug":"oikos-gemeinde-infos-ab-07-april-24","status":"publish","type":"oic_infoblatt","link":"https:\/\/oikos-church.ch\/en\/oic_infoblatt\/oikos-gemeinde-infos-ab-07-april-24\/","title":{"rendered":"OIKOS Gemeinde-Infos ab 07. April 24"},"content":{"rendered":"<p><b>SO, 10 Uhr:<\/b> <b>Gottesdienst:<\/b><\/p>\n<p><span style=\"font-weight: 400;\">Margarethenstr.103, Basel<\/span><\/p>\n<p><b>\u00dcbertragung des Gottesdienstes \u00fcber Live-Stream (YouTube):\u00a0<\/b><\/p>\n<p><span style=\"font-weight: 400;\">Hier der <\/span><b>Link<\/b><span style=\"font-weight: 400;\">: https:\/\/www.youtube.com\/c\/OikosInternationalChurch\u00a0<\/span><\/p>\n<p><span style=\"font-weight: 400;\">&#8212;&#8212;&#8212;&#8212;&#8212;&#8212;&#8212;&#8212;&#8212;&#8212;&#8212;&#8212;&#8212;&#8212;&#8212;&#8212;&#8212;&#8212;&#8212;&#8212;&#8212;&#8212;&#8212;&#8212;&#8212;&#8212;&#8212;&#8212;&#8212;&#8212;&#8212;&#8212;&#8212;&#8212;&#8212;<\/span><\/p>\n<p>&nbsp;<\/p>\n<p><b>Veranstaltungen:\u00a0<\/b><\/p>\n<p>&nbsp;<\/p>\n<p><b>SA, 06. April, 14:30h: Start der \u201cMitenand\u00bb-Gruppe<\/b><\/p>\n<p><b>Treffpunkt<\/b><span style=\"font-weight: 400;\">: am Eingang des Restaurants in der <\/span><b>Gr\u00fcn 80<\/b><span style=\"font-weight: 400;\">, M\u00fcnchenstein.<\/span><\/p>\n<p><span style=\"font-weight: 400;\">Einander kennenlernen, spazieren gehen, einander ermutigen, zuh\u00f6ren.<\/span><\/p>\n<p><b>Alle sind ganz herzlich willkommen!<\/b><span style=\"font-weight: 400;\"> Die Gruppe trifft sich ein Mal im Monat.\u00a0<\/span><\/p>\n<p><span style=\"font-weight: 400;\">Leitung: Christine H. und Ursula M.\u00a0<\/span><\/p>\n<p>&nbsp;<\/p>\n<p><b>Sendung \u00abGesundheit heute\u00bb: Interview mit Astrid L.\u00a0<\/b><\/p>\n<p><span style=\"font-weight: 400;\">Astrid wurde f\u00fcr die Sendung \u00abGesundheit heute\u00bb, interviewt, im Zusammenhang mit ihrer Arbeit in der UPK. Ihr k\u00f6nnt sie am <\/span><b>SA, den 06.04. um 18.10 Uhr und am SO, den 07.04. um 9.30 Uhr auf SRF1<\/b><span style=\"font-weight: 400;\"> sehen.<\/span><\/p>\n<p>&nbsp;<\/p>\n<p><b>SO, 07. April, 10 Uhr: Gottesdienst mir Charity Cook, USA<\/b><\/p>\n<p><span style=\"font-weight: 400;\">Mehr zu ihrer Person lest ihr im n\u00e4chsten Abschnitt. Kommt rechtzeitig wegen der Parkpl\u00e4tze. Es k\u00f6nnte voll werden. Wir werden eine <\/span><b>Kollekte f\u00fcr den Dienst von Charity Cook <\/b><span style=\"font-weight: 400;\">machen. Ladet Freunde und Bekannte ein!<\/span><\/p>\n<p>&nbsp;<\/p>\n<p><b>KEIN APERO AM 07. APRIL!\u00a0<\/b><\/p>\n<p><span style=\"font-weight: 400;\">Wegen der Gastreferentin haben wir den Ap\u00e9ro auf SO, den 28. April verschoben.\u00a0<\/span><\/p>\n<p>&nbsp;<\/p>\n<p><b>MO, 08. April + DI, 09. April, 19:30h Special Meetings mit Charity Cook, USA<\/b><span style=\"font-weight: 400;\"> in der Margarethenstr. 103, Basel.\u00a0<\/span><\/p>\n<p><b>Charity Cook<\/b><span style=\"font-weight: 400;\"> ist mit Mitarbeiterin von <\/span><b>Global Awakening (Randy Clark Ministries)<\/b><span style=\"font-weight: 400;\"> und ist begeistert vom \u00fcbernat\u00fcrlichen Wirken des Heiligen Geistes, von Heilung und Prophetie. <\/span><b>Sie wird uns mit hineinnehmen und ermutigen.<\/b><\/p>\n<p><b>Wir suchen Leute f\u00fcr<\/b><b>:<\/b> <span style=\"font-weight: 400;\">Reinigung WC am MO und DI. <\/span><b>Bitte melde dich<\/b><span style=\"font-weight: 400;\"> bei Michaela M. oder per Mail: <\/span><a href=\"mailto:info@oikos-church.ch\"><span style=\"font-weight: 400;\">info@oikos-church.ch<\/span><\/a><\/p>\n<p>&nbsp;<\/p>\n<ol start=\"2\">\n<li><b> + 4. MO im Monat,19 Uhr:<\/b> <b>Hauskreis mit Philipp &amp; Rose M.\u00a0<\/b><\/li>\n<\/ol>\n<p><b>in Reinach, mit Abendessen<\/b><\/p>\n<p><span style=\"font-weight: 400;\">Man trifft sich bei Ursula Meyer, Thiersteinerstr. 24, 4153 Reinach.\u00a0<\/span><\/p>\n<p><b>Bitte melde dich an.<\/b><span style=\"font-weight: 400;\"> Philipp: Tel. 076 331 96 92), Rose: Tel. 076 441 57 81. Freiwilliger Beitrag f\u00fcr das Essen (CHF 5.-)\u00a0<\/span><\/p>\n<p>&nbsp;<\/p>\n<p><b>Jeden MO: Oikos Challenge Gruppe auf \u00abSignal\u00bb<\/b><\/p>\n<p><b>Lass dich zu etwas Positivem anspornen!<\/b><span style=\"font-weight: 400;\"> Am Wochenanfang gibt es<\/span><b> jeweils eine neue Aufgabe, <\/b><span style=\"font-weight: 400;\">die wir gemeinsam eine Woche lang machen. <\/span><b>Es macht Spass<\/b><span style=\"font-weight: 400;\">! Leitung: Michaela M.\u00a0<\/span><\/p>\n<p>&nbsp;<\/p>\n<p><b>SA, 13. April: \u00abDas Bienehuus\u00bb mit Mecky u. Alicia\u00a0<\/b><\/p>\n<p><span style=\"font-weight: 400;\">Zeit: 17 \u2013 21 Uhr: Offener Hauskreis\u00a0<\/span><\/p>\n<p><b>Treffpunkt <\/b><b>dieses Mal: bei Lukas u. Kokeb Siegfried,<\/b><b> Haltingerstr.8, 4057 Basel<\/b><\/p>\n<p><span style=\"font-weight: 400;\">Essen, Gemeinschaft, Input, Gebet. <\/span><b>Sei dabei!<\/b><\/p>\n<p><b>Anmeldung <\/b><span style=\"font-weight: 400;\">bei Mecky 079 378 99 58 oder Alicia 077 531 94 49<\/span><\/p>\n<p>&nbsp;<\/p>\n<p><b>SO, 14. April, Gebets- und Solidarit\u00e4tstag f\u00fcr Israel ,Bundesplatz<\/b><\/p>\n<p><span style=\"font-weight: 400;\">Es ist eine wunderbare M\u00f6glichkeit, Solidarit\u00e4t mit Israel und dem j\u00fcdischen Volk in unserer Hauptstadt zu bekunden. Andy Furer und Band werden die Anbetung machen!\u00a0 Der Flyer mit mehr Informationen dazu ist im Anhang.<\/span><\/p>\n<p>&nbsp;<\/p>\n<p><b>DI, 16. April, 19.30 Uhr: Oikos Gemeinde-Gebet<\/b><\/p>\n<p><span style=\"font-weight: 400;\">Wir treffen uns in der Margarethenstr 103, Basel im Saal, um gemeinsam f\u00fcr die Gemeinde, f\u00fcr die Stadt und f\u00fcr die Nationen zu beten. Sei dabei!<\/span><\/p>\n<p><span style=\"font-weight: 400;\">Leitung: Cristina Corpataux und Simon Schaub.\u00a0<\/span><\/p>\n<p>&nbsp;<\/p>\n<p><b>MI, 18. April um 9.30h: Oikos Ladies Coffee Club<\/b><\/p>\n<p><b>F\u00fcr Ladies, am 3. Mittwoch im Monat, von 9.30-11.30 Uhr, bei Mandy zuhause<\/b><span style=\"font-weight: 400;\">: <\/span><b>Gemeinschaft bei Kaffee oder Tee<\/b><span style=\"font-weight: 400;\">! Ohne Voranmeldung! <\/span><span style=\"font-weight: 400;\">Breite Strasse 54, 4132 Muttenz. <\/span><span style=\"font-weight: 400;\">Tram 14, Haltestelle \u00abRothausstrasse\u00bb. <\/span><b>Just pop in for tea, coffee and fellowship<\/b><span style=\"font-weight: 400;\">. No registration. N\u00e4chstes Datum: MI, 15. Mai<\/span><\/p>\n<p>&nbsp;<\/p>\n<p><b>DI, 23. April, 19.30 Uhr: Oikos Strasseneinsatz<\/b><\/p>\n<p><span style=\"font-weight: 400;\">Wir suchen wieder das Gespr\u00e4ch mit Leuten in der Stadt, um ihnen von der Liebe Gottes zu erz\u00e4hlen. Der Treffpunkt wird noch bekannt gegeben. <\/span><b>Mach mit!<\/b><\/p>\n<p>&nbsp;<\/p>\n<p><b>SO, 28. April, 10 Uhr: Worship-Service (neues Format) &amp; Ap\u00e9ro<\/b><\/p>\n<p><span style=\"font-weight: 400;\">Wegen dem besonderen Gottesdienst mit Lora Allison am 05. Mai haben wir den Ap\u00e9ro vorverschoben. Valeria G. wird f\u00fcr uns kochen. Mit <\/span><b>Desserts u. Salate<\/b><span style=\"font-weight: 400;\"> d\u00fcrft ihr gern das Men\u00fc erweitern. Danke!\u00a0<\/span><\/p>\n<p>&nbsp;<\/p>\n<p><b>SO, 05. Mai + DO, 09. Mai: Special Meetings mit Lora Allison, USA<\/b><\/p>\n<p><span style=\"font-weight: 400;\">Wir freuen uns, dass Lora uns wieder besucht und am <\/span><b>SO, den 05. Mai um 10 Uhr im Oikos Gottesdienst<\/b><span style=\"font-weight: 400;\"> und an <\/span><b>Auffahrt, DO, 09. Mai um 19 Uhr <\/b><span style=\"font-weight: 400;\">in der<\/span><b> Kirche Spalen, <\/b><span style=\"font-weight: 400;\">Missionsstrasse 37, 4055 Basel dient.\u00a0<\/span><\/p>\n<p>&nbsp;<\/p>\n<p><b>SO, 05. Mai, 14.30h: Marsch des Lebens f\u00fcr Israel in Basel<\/b><\/p>\n<p><span style=\"font-weight: 400;\">Treffpunkt: Aeschenplatz vor dem Botta Geb\u00e4ude. Marsch und Inputs anl\u00e4sslich des Holocaust-Gedenktages. Eine gute Gelegenheit, ein Zeichen gegen Antisemitismus zu setzen. Man kann zeitlich gut nach dem Gottesdienst mitmachen.\u00a0<\/span><\/p>\n<p>&nbsp;<\/p>\n<p><b>DI, 14. Mai, 19.30h: Heilungs-Gottesdienst mit Daniel David, Indien<\/b><\/p>\n<p><span style=\"font-weight: 400;\">Daniel David ist ein Heilungs-Evangelist, den der Herr in Indien und in anderen L\u00e4ndern m\u00e4chtig gebraucht. Merkt euch das Datum vor<\/span><span style=\"font-weight: 400;\">.\u00a0<\/span><\/p>\n<p>&nbsp;<\/p>\n<p><b>Deine Mitarbeit ist gefragt!\u00a0<\/b><\/p>\n<p>&nbsp;<\/p>\n<p><b>Aufstellen + Wegr\u00e4umen der St\u00fchle f\u00fcr den Gottesdienst\u00a0<\/b><\/p>\n<p><b>Wir brauchen dich!<\/b><span style=\"font-weight: 400;\"> Einsatz: Ca. 9:30h und nach dem Gottesdienst. Melde dich bei Matthias Hinkel, Tel. 079 459 23 06, <\/span><a href=\"mailto:matthias-hinkel@gmx.de\"><span style=\"font-weight: 400;\">matthias-hinkel@gmx.de<\/span><\/a><\/p>\n<p>&nbsp;<\/p>\n<p><b>Hast du Freude an Technik? Hast du ein gutes Geh\u00f6r? Kannst du ein Powerpoint zeigen oder filmen?<\/b><span style=\"font-weight: 400;\">\u00a0<\/span><\/p>\n<p><b>Melde dich bei Keith Muckett<\/b><span style=\"font-weight: 400;\">, Tel, 061 461 10 01, <\/span><a href=\"mailto:Keith_muckett@hotmail.com\"><span style=\"font-weight: 400;\">Keith_muckett@hotmail.com<\/span><\/a><span style=\"font-weight: 400;\"> .<\/span><\/p>\n<p><span style=\"font-weight: 400;\">Jeder bekommt eine gute Einf\u00fchrung in den Bereich, in dem er dann mitarbeitet!\u00a0<\/span><\/p>\n<p>&nbsp;<\/p>\n<p><b>Auch das Caf\u00e9teria-Team freut sich auf Zuwachs!<\/b><\/p>\n<p><span style=\"font-weight: 400;\">Melde dich bei Mandy Muckett: <\/span><a href=\"mailto:mandymuckett@gmail.com\"><span style=\"font-weight: 400;\">mandymuckett@gmail.com<\/span><\/a><\/p>\n<p>&nbsp;<\/p>\n<p><b>Kollekte \/ Zehnter \/ Dauerauftrag<\/b><\/p>\n<p><span style=\"font-weight: 400;\">Danke f\u00fcr euer finanzielles Mittragen der Gemeindearbeit!\u00a0<\/span><\/p>\n","protected":false},"author":1,"featured_media":0,"template":"","format":"standard","meta":{"_acf_changed":false,"footnotes":""},"class_list":["post-2309","oic_infoblatt","type-oic_infoblatt","status-publish","format-standard","hentry"],"acf":[],"_links":{"self":[{"href":"https:\/\/oikos-church.ch\/en\/wp-json\/wp\/v2\/oic_infoblatt\/2309","targetHints":{"allow":["GET"]}}],"collection":[{"href":"https:\/\/oikos-church.ch\/en\/wp-json\/wp\/v2\/oic_infoblatt"}],"about":[{"href":"https:\/\/oikos-church.ch\/en\/wp-json\/wp\/v2\/types\/oic_infoblatt"}],"author":[{"embeddable":true,"href":"https:\/\/oikos-church.ch\/en\/wp-json\/wp\/v2\/users\/1"}],"version-history":[{"count":1,"href":"https:\/\/oikos-church.ch\/en\/wp-json\/wp\/v2\/oic_infoblatt\/2309\/revisions"}],"predecessor-version":[{"id":2310,"href":"https:\/\/oikos-church.ch\/en\/wp-json\/wp\/v2\/oic_infoblatt\/2309\/revisions\/2310"}],"wp:attachment":[{"href":"https:\/\/oikos-church.ch\/en\/wp-json\/wp\/v2\/media?parent=2309"}],"curies":[{"name":"wp","href":"https:\/\/api.w.org\/{rel}","templated":true}]}}

<p><b>SO, 10 Uhr:</b> <b>Gottesdienst:</b></p>
<p><span style="font-weight: 400;">Margarethenstr.103, Basel</span></p>
<p><b>Übertragung des Gottesdienstes über Live-Stream (YouTube): </b></p>
<p><span style="font-weight: 400;">Hier der </span><b>Link</b><span style="font-weight: 400;">: https://www.youtube.com/c/OikosInternationalChurch </span></p>
<p><span style="font-weight: 400;">&#8212;&#8212;&#8212;&#8212;&#8212;&#8212;&#8212;&#8212;&#8212;&#8212;&#8212;&#8212;&#8212;&#8212;&#8212;&#8212;&#8212;&#8212;&#8212;&#8212;&#8212;&#8212;&#8212;&#8212;&#8212;&#8212;&#8212;&#8212;&#8212;&#8212;&#8212;&#8212;&#8212;&#8212;&#8212;</span></p>
<p>&nbsp;</p>
<p><b>Veranstaltungen: </b></p>
<p>&nbsp;</p>
<p><b>SA, 06. April, 14:30h: Start der “Mitenand»-Gruppe</b></p>
<p><b>Treffpunkt</b><span style="font-weight: 400;">: am Eingang des Restaurants in der </span><b>Grün 80</b><span style="font-weight: 400;">, Münchenstein.</span></p>
<p><span style="font-weight: 400;">Einander kennenlernen, spazieren gehen, einander ermutigen, zuhören.</span></p>
<p><b>Alle sind ganz herzlich willkommen!</b><span style="font-weight: 400;"> Die Gruppe trifft sich ein Mal im Monat. </span></p>
<p><span style="font-weight: 400;">Leitung: Christine H. und Ursula M. </span></p>
<p>&nbsp;</p>
<p><b>Sendung «Gesundheit heute»: Interview mit Astrid L. </b></p>
<p><span style="font-weight: 400;">Astrid wurde für die Sendung «Gesundheit heute», interviewt, im Zusammenhang mit ihrer Arbeit in der UPK. Ihr könnt sie am </span><b>SA, den 06.04. um 18.10 Uhr und am SO, den 07.04. um 9.30 Uhr auf SRF1</b><span style="font-weight: 400;"> sehen.</span></p>
<p>&nbsp;</p>
<p><b>SO, 07. April, 10 Uhr: Gottesdienst mir Charity Cook, USA</b></p>
<p><span style="font-weight: 400;">Mehr zu ihrer Person lest ihr im nächsten Abschnitt. Kommt rechtzeitig wegen der Parkplätze. Es könnte voll werden. Wir werden eine </span><b>Kollekte für den Dienst von Charity Cook </b><span style="font-weight: 400;">machen. Ladet Freunde und Bekannte ein!</span></p>
<p>&nbsp;</p>
<p><b>KEIN APERO AM 07. APRIL! </b></p>
<p><span style="font-weight: 400;">Wegen der Gastreferentin haben wir den Apéro auf SO, den 28. April verschoben. </span></p>
<p>&nbsp;</p>
<p><b>MO, 08. April + DI, 09. April, 19:30h Special Meetings mit Charity Cook, USA</b><span style="font-weight: 400;"> in der Margarethenstr. 103, Basel. </span></p>
<p><b>Charity Cook</b><span style="font-weight: 400;"> ist mit Mitarbeiterin von </span><b>Global Awakening (Randy Clark Ministries)</b><span style="font-weight: 400;"> und ist begeistert vom übernatürlichen Wirken des Heiligen Geistes, von Heilung und Prophetie. </span><b>Sie wird uns mit hineinnehmen und ermutigen.</b></p>
<p><b>Wir suchen Leute für</b><b>:</b> <span style="font-weight: 400;">Reinigung WC am MO und DI. </span><b>Bitte melde dich</b><span style="font-weight: 400;"> bei Michaela M. oder per Mail: </span><a href="mailto:info@oikos-church.ch"><span style="font-weight: 400;">info@oikos-church.ch</span></a></p>
<p>&nbsp;</p>
<ol start="2">
<li><b> + 4. MO im Monat,19 Uhr:</b> <b>Hauskreis mit Philipp &amp; Rose M. </b></li>
</ol>
<p><b>in Reinach, mit Abendessen</b></p>
<p><span style="font-weight: 400;">Man trifft sich bei Ursula Meyer, Thiersteinerstr. 24, 4153 Reinach. </span></p>
<p><b>Bitte melde dich an.</b><span style="font-weight: 400;"> Philipp: Tel. 076 331 96 92), Rose: Tel. 076 441 57 81. Freiwilliger Beitrag für das Essen (CHF 5.-) </span></p>
<p>&nbsp;</p>
<p><b>Jeden MO: Oikos Challenge Gruppe auf «Signal»</b></p>
<p><b>Lass dich zu etwas Positivem anspornen!</b><span style="font-weight: 400;"> Am Wochenanfang gibt es</span><b> jeweils eine neue Aufgabe, </b><span style="font-weight: 400;">die wir gemeinsam eine Woche lang machen. </span><b>Es macht Spass</b><span style="font-weight: 400;">! Leitung: Michaela M. </span></p>
<p>&nbsp;</p>
<p><b>SA, 13. April: «Das Bienehuus» mit Mecky u. Alicia </b></p>
<p><span style="font-weight: 400;">Zeit: 17 – 21 Uhr: Offener Hauskreis </span></p>
<p><b>Treffpunkt </b><b>dieses Mal: bei Lukas u. Kokeb Siegfried,</b><b> Haltingerstr.8, 4057 Basel</b></p>
<p><span style="font-weight: 400;">Essen, Gemeinschaft, Input, Gebet. </span><b>Sei dabei!</b></p>
<p><b>Anmeldung </b><span style="font-weight: 400;">bei Mecky 079 378 99 58 oder Alicia 077 531 94 49</span></p>
<p>&nbsp;</p>
<p><b>SO, 14. April, Gebets- und Solidaritätstag für Israel ,Bundesplatz</b></p>
<p><span style="font-weight: 400;">Es ist eine wunderbare Möglichkeit, Solidarität mit Israel und dem jüdischen Volk in unserer Hauptstadt zu bekunden. Andy Furer und Band werden die Anbetung machen!  Der Flyer mit mehr Informationen dazu ist im Anhang.</span></p>
<p>&nbsp;</p>
<p><b>DI, 16. April, 19.30 Uhr: Oikos Gemeinde-Gebet</b></p>
<p><span style="font-weight: 400;">Wir treffen uns in der Margarethenstr 103, Basel im Saal, um gemeinsam für die Gemeinde, für die Stadt und für die Nationen zu beten. Sei dabei!</span></p>
<p><span style="font-weight: 400;">Leitung: Cristina Corpataux und Simon Schaub. </span></p>
<p>&nbsp;</p>
<p><b>MI, 18. April um 9.30h: Oikos Ladies Coffee Club</b></p>
<p><b>Für Ladies, am 3. Mittwoch im Monat, von 9.30-11.30 Uhr, bei Mandy zuhause</b><span style="font-weight: 400;">: </span><b>Gemeinschaft bei Kaffee oder Tee</b><span style="font-weight: 400;">! Ohne Voranmeldung! </span><span style="font-weight: 400;">Breite Strasse 54, 4132 Muttenz. </span><span style="font-weight: 400;">Tram 14, Haltestelle «Rothausstrasse». </span><b>Just pop in for tea, coffee and fellowship</b><span style="font-weight: 400;">. No registration. Nächstes Datum: MI, 15. Mai</span></p>
<p>&nbsp;</p>
<p><b>DI, 23. April, 19.30 Uhr: Oikos Strasseneinsatz</b></p>
<p><span style="font-weight: 400;">Wir suchen wieder das Gespräch mit Leuten in der Stadt, um ihnen von der Liebe Gottes zu erzählen. Der Treffpunkt wird noch bekannt gegeben. </span><b>Mach mit!</b></p>
<p>&nbsp;</p>
<p><b>SO, 28. April, 10 Uhr: Worship-Service (neues Format) &amp; Apéro</b></p>
<p><span style="font-weight: 400;">Wegen dem besonderen Gottesdienst mit Lora Allison am 05. Mai haben wir den Apéro vorverschoben. Valeria G. wird für uns kochen. Mit </span><b>Desserts u. Salate</b><span style="font-weight: 400;"> dürft ihr gern das Menü erweitern. Danke! </span></p>
<p>&nbsp;</p>
<p><b>SO, 05. Mai + DO, 09. Mai: Special Meetings mit Lora Allison, USA</b></p>
<p><span style="font-weight: 400;">Wir freuen uns, dass Lora uns wieder besucht und am </span><b>SO, den 05. Mai um 10 Uhr im Oikos Gottesdienst</b><span style="font-weight: 400;"> und an </span><b>Auffahrt, DO, 09. Mai um 19 Uhr </b><span style="font-weight: 400;">in der</span><b> Kirche Spalen, </b><span style="font-weight: 400;">Missionsstrasse 37, 4055 Basel dient. </span></p>
<p>&nbsp;</p>
<p><b>SO, 05. Mai, 14.30h: Marsch des Lebens für Israel in Basel</b></p>
<p><span style="font-weight: 400;">Treffpunkt: Aeschenplatz vor dem Botta Gebäude. Marsch und Inputs anlässlich des Holocaust-Gedenktages. Eine gute Gelegenheit, ein Zeichen gegen Antisemitismus zu setzen. Man kann zeitlich gut nach dem Gottesdienst mitmachen. </span></p>
<p>&nbsp;</p>
<p><b>DI, 14. Mai, 19.30h: Heilungs-Gottesdienst mit Daniel David, Indien</b></p>
<p><span style="font-weight: 400;">Daniel David ist ein Heilungs-Evangelist, den der Herr in Indien und in anderen Ländern mächtig gebraucht. Merkt euch das Datum vor</span><span style="font-weight: 400;">. </span></p>
<p>&nbsp;</p>
<p><b>Deine Mitarbeit ist gefragt! </b></p>
<p>&nbsp;</p>
<p><b>Aufstellen + Wegräumen der Stühle für den Gottesdienst </b></p>
<p><b>Wir brauchen dich!</b><span style="font-weight: 400;"> Einsatz: Ca. 9:30h und nach dem Gottesdienst. Melde dich bei Matthias Hinkel, Tel. 079 459 23 06, </span><a href="mailto:matthias-hinkel@gmx.de"><span style="font-weight: 400;">matthias-hinkel@gmx.de</span></a></p>
<p>&nbsp;</p>
<p><b>Hast du Freude an Technik? Hast du ein gutes Gehör? Kannst du ein Powerpoint zeigen oder filmen?</b><span style="font-weight: 400;"> </span></p>
<p><b>Melde dich bei Keith Muckett</b><span style="font-weight: 400;">, Tel, 061 461 10 01, </span><a href="mailto:Keith_muckett@hotmail.com"><span style="font-weight: 400;">Keith_muckett@hotmail.com</span></a><span style="font-weight: 400;"> .</span></p>
<p><span style="font-weight: 400;">Jeder bekommt eine gute Einführung in den Bereich, in dem er dann mitarbeitet! </span></p>
<p>&nbsp;</p>
<p><b>Auch das Caféteria-Team freut sich auf Zuwachs!</b></p>
<p><span style="font-weight: 400;">Melde dich bei Mandy Muckett: </span><a href="mailto:mandymuckett@gmail.com"><span style="font-weight: 400;">mandymuckett@gmail.com</span></a></p>
<p>&nbsp;</p>
<p><b>Kollekte / Zehnter / Dauerauftrag</b></p>
<p><span style="font-weight: 400;">Danke für euer finanzielles Mittragen der Gemeindearbeit! </span></p>
